mmon divisor of 513 and 2679.
57
What is the highest common divisor of 352 and 48?
16
Calculate the greatest common divisor of 864 and 756.
108
Calculate the greatest common divisor of 42 and 693.
21
What is the highest common factor of 434 and 28427?
217
What is the highest common factor of 215 and 172?
43
What is the highest common divisor of 37 and 36149?
37
Calculate the greatest common divisor of 91 and 637.
91
What is the greatest common divisor of 552 and 24?
24
What is the greatest common factor of 7005 and 15?
15
Calculate the greatest common factor of 4668 and 12.
12
Calculate the greatest common divisor of 159 and 6.
3
What is the highest common divisor of 150 and 525?
75
What is the greatest common factor of 70 and 1561?
7
Calculate the highest common factor of 5382 and 234.
234
Calculate the highest common divisor of 34 and 646.
34
Calculate the greatest common factor of 14 and 14.
14
Calculate the greatest common divisor of 42 and 174.
6
Calculate the greatest common factor of 30 and 25.
5
What is the highest common divisor of 21 and 1491?
21
What is the highest common divisor of 247 and 13?
13
Calculate the highest common factor of 4324 and 92.
92
Calculate the greatest common factor of 400 and 175.
25
Calculate the highest common divisor of 84 and 2247.
21
Calculate the greatest common factor of 108 and 189.
27
Calculate the greatest common factor of 3 and 9.
3
Calculate the highest common factor of 192 and 24.
24
What is the highest common factor of 1638 and 3003?
273
What is the greatest common factor of 29448 and 90?
18
What is the highest common divisor of 203 and 38164?
203
What is the greatest common factor of 6650 and 10?
10
Calculate the highest common divisor of 410 and 9635.
205
Calculate the highest common divisor of 172 and 2150.
86
Calculate the greatest common factor of 4796 and 440.
44
Calculate the greatest common divisor of 96 and 7712.
32
What is the highest common divisor of 77 and 5423?
11
Calculate the highest common factor of 74 and 74.
74
Calculate the greatest common divisor of 116 and 377.
29
What is the greatest common divisor of 868 and 28?
28
What is the highest common factor of 5 and 430?
5
Calculate the highest common factor of 55 and 95.
5
Calculate the highest common divisor of 164 and 3034.
82
What is the highest common divisor of 14351 and 254?
127
Calculate the greatest common factor of 58 and 319.
29
What is the highest common factor of 6283 and 61?
61
Calculate the highest common factor of 7542 and 72.
18
What is the highest common divisor of 162 and 78894?
162
What is the highest common divisor of 3497 and 39?
13
Calculate the greatest common divisor of 828 and 1334.
46
Calculate the greatest common factor of 168 and 24.
24
What is the highest common factor of 2 and 10882?
2
What is the highest common divisor of 728 and 112?
56
What is the highest common divisor of 1425 and 45?
15
What is the greatest common divisor of 10 and 79510?
10
Calculate the greatest common factor of 3268 and 76.
76
What is the greatest common factor of 40 and 56?
8
Calculate the greatest common factor of 624 and 48.
48
Calculate the highest common divisor of 10579 and 447.
149
Calculate the greatest common divisor of 24 and 184.
8
What is the greatest common factor of 1217 and 1?
1
What is the greatest common factor of 32 and 1?
1
Calculate the greatest common divisor of 1460 and 20.
20
What is the highest common divisor of 1212 and 24?
12
What is the greatest common divisor of 259 and 925?
37
Calculate the greatest common factor of 65 and 143.
13
Calculate the highest common divisor of 697 and 204.
17
Calculate the highest common divisor of 357 and 68.
17
What is the highest common divisor of 3017 and 35?
7
What is the greatest common factor of 440 and 25?
5
Calculate the greatest common factor of 2 and 1954.
2
What is the highest common factor of 231 and 63?
21
What is the highest common factor of 595 and 1547?
119
What is the highest common divisor of 1352 and 208?
104
What is the greatest common factor of 294 and 2009?
49
Calculate the highest common factor of 5 and 5.
5
Calculate the highest common factor of 403 and 26.
13
What is the highest common factor of 122 and 5734?
122
Calculate the highest common divisor of 56 and 112.
56
Calculate the highest common factor of 67 and 469.
67
What is the greatest common factor of 16970 and 10?
10
What is the highest common factor of 36 and 348?
12
What is the highest common divisor of 1909 and 161?
23
What is the highest common divisor of 3 and 367?
1
What is the greatest common divisor of 430 and 20?
10
Calculate the highest common divisor of 1422 and 36.
18
What is the greatest common divisor of 345 and 45?
15
What is the highest common factor of 28 and 1232?
28
What is the greatest common divisor of 946 and 344?
86
What is the greatest common divisor of 69 and 21?
3
What is the highest common factor of 685 and 5?
5
Calculate the highest common factor of 364 and 56.
28
What is the greatest common divisor of 8 and 248?
8
What is the highest common divisor of 3472 and 1488?
496
What is the highest common divisor of 2772 and 63?
63
What is the greatest common factor of 76 and 209?
19
Calculate the highest common factor of 1682 and 986.
58
What is the greatest common factor of 160 and 7024?
16
Calculate the greatest common divisor of 126 and 18.
18
What is the highest common factor of 44 and 17193?
11
What is the greatest common divisor of 92 and 253?
23
What is the greatest common factor of 5 and 2435?
5
What is the highest common divisor of 7 and 119?
7
What is the greatest common divisor of 988 and 152?
76
Calculate the highest common factor of 3864 and 56.
56
What is the highest common divisor of 400 and 880?
80
Calculate the greatest common factor of 900 and 48.
12
Calculate the greatest common factor of 195 and 39.
39
Calculate the highest common divisor of 780 and 480.
60
Calculate the greatest common factor of 159 and 81.
3
What is the greatest common factor of 1679 and 2117?
73
Calculate the greatest common factor of 45 and 120.
15
Calculate the greatest common factor of 40 and 5.
5
Calculate the highest common factor of 1174 and 16.
2
Calculate the greatest common factor of 7 and 1.
1
What is the highest common factor of 9834 and 66?
66
Calculate the greatest common factor of 54 and 216.
54
What is the greatest common divisor of 39 and 1417?
13
Calculate the highest common divisor of 6993 and 42.
21
Calculate the greatest common divisor of 56 and 2744.
56
Calculate the greatest common factor of 350 and 425.
25
Calculate the highest common factor of 1575 and 63.
63
What is the highest common divisor of 360 and 630?
90
What is the highest common divisor of 764 and 3247?
191
Calculate the greatest common factor of 8106 and 42.
42
What is the greatest common divisor of 324 and 456?
12
What is the greatest common divisor of 616 and 374?
22
What is the highest common factor of 112 and 896?
112
Calculate the greatest common divisor of 1908 and 6254.
106
Calculate the highest common divisor of 117 and 26.
13
What is the greatest common divisor of 32 and 592?
16
What is the highest common factor of 63 and 511?
7
Calculate the greatest common factor of 8 and 4952.
8
Calculate the greatest common factor of 108 and 972.
108
Calculate the greatest common divisor of 91 and 1022.
7
What is the greatest common factor of 181 and 14661?
181
Calculate the highest common divisor of 168 and 5138.
14
What is the greatest common factor of 15 and 85?
5
Calculate the greatest common factor of 2107 and 49.
49
What is the highest common divisor of 4032 and 70?
14
What is the highest common divisor of 34 and 7922?
34
What is the highest common divisor of 60 and 1176?
12
What is the greatest common factor of 101976 and 168?
168
Calculate the greatest common divisor of 377 and 145.
29
What is the highest common divisor of 105 and 60?
15
What is the highest common factor of 9344 and 73?
73
Calculate the greatest common divisor of 384 and 1280.
128
Calculate the greatest common divisor of 10 and 1234.
2
Calculate the highest common divisor of 63 and 45.
9
What is the greatest common divisor of 102 and 731?
17
What is the highest common divisor of 155 and 31?
31
What is the greatest commo